{"id":409,"date":"2016-02-04T21:45:30","date_gmt":"2016-02-04T21:45:30","guid":{"rendered":"https:\/\/cfinsaat.com\/?page_id=409"},"modified":"2016-03-08T14:10:55","modified_gmt":"2016-03-08T14:10:55","slug":"misyon","status":"publish","type":"page","link":"https:\/\/cfinsaat.com\/?page_id=409","title":{"rendered":"Misyon"},"content":{"rendered":"<p style=\"text-align: center;\"><ul id=\"skill\">\n<li><span class=\"thebar progressdefault\" style=\"width:100%;\"><\/span><h3 class=\"fontregular\"><i class=\"fa fa-bar-chart\"><\/i> M\u0130SYON<\/h3><\/li>\n<\/ul>\n<p style=\"text-align: center;\">\n<p style=\"text-align: justify;\"><strong>CF \u0130N\u015eAAT<\/strong>; \u00e7al\u0131\u015ft\u0131\u011f\u0131m\u0131z ve ileriye d\u00f6n\u00fck olarak \u00e7al\u0131\u015faca\u011f\u0131m\u0131z m\u00fc\u015fterilerimiz i\u00e7in olu\u015fturdu\u011fu bu vizyon do\u011frultusunda uzmanla\u015ft\u0131\u011f\u0131 hizmetlerde \u00e7a\u011fda\u015f, g\u00fcvenilir, \u00e7evreye duyarl\u0131, m\u00fc\u015fteri haklar\u0131na sayg\u0131l\u0131, \u015firket \u00e7al\u0131\u015fanlar\u0131n\u0131n her t\u00fcrl\u00fc sosyal hak ve e\u011fitim ihtiya\u00e7lar\u0131na katk\u0131da bulunan, m\u00fc\u015fterilerinin, tedarik\u00e7ilerinin ve \u00e7al\u0131\u015fanlar\u0131n\u0131n mutlulu\u011funu s\u00fcrekli ve tam olarak sa\u011flamay\u0131 ortak sorumluluk anlay\u0131\u015f\u0131 i\u00e7inde kabullenen, s\u00fcrekli yenilik\u00e7i ve s\u00fcrekli kendini geli\u015ftiren bir kurulu\u015f olmay\u0131 misyon olarak \u00fcstlenmi\u015ftir.<\/p>\n","protected":false},"excerpt":{"rendered":"<p>CF \u0130N\u015eAAT; \u00e7al\u0131\u015ft\u0131\u011f\u0131m\u0131z ve ileriye d\u00f6n\u00fck olarak \u00e7al\u0131\u015faca\u011f\u0131m\u0131z m\u00fc\u015fterilerimiz i\u00e7in olu\u015fturdu\u011fu bu vizyon do\u011frultusunda uzmanla\u015ft\u0131\u011f\u0131 hizmetlerde \u00e7a\u011fda\u015f, g\u00fcvenilir, \u00e7evreye duyarl\u0131, m\u00fc\u015fteri haklar\u0131na sayg\u0131l\u0131, \u015firket \u00e7al\u0131\u015fanlar\u0131n\u0131n her t\u00fcrl\u00fc sosyal hak ve e\u011fitim ihtiya\u00e7lar\u0131na katk\u0131da bulunan, m\u00fc\u015fterilerinin, tedarik\u00e7ilerinin ve \u00e7al\u0131\u015fanlar\u0131n\u0131n mutlulu\u011funu s\u00fcrekli ve tam olarak sa\u011flamay\u0131 ortak sorumluluk anlay\u0131\u015f\u0131 i\u00e7inde kabullenen, s\u00fcrekli yenilik\u00e7i ve s\u00fcrekli kendini geli\u015ftiren [&hellip;]<\/p>\n","protected":false},"author":4,"featured_media":0,"parent":0,"menu_order":0,"comment_status":"closed","ping_status":"closed","template":"","meta":{"footnotes":""},"class_list":["post-409","page","type-page","status-publish","hentry"],"_links":{"self":[{"href":"https:\/\/cfinsaat.com\/index.php?rest_route=\/wp\/v2\/pages\/409","targetHints":{"allow":["GET"]}}],"collection":[{"href":"https:\/\/cfinsaat.com\/index.php?rest_route=\/wp\/v2\/pages"}],"about":[{"href":"https:\/\/cfinsaat.com\/index.php?rest_route=\/wp\/v2\/types\/page"}],"author":[{"embeddable":true,"href":"https:\/\/cfinsaat.com\/index.php?rest_route=\/wp\/v2\/users\/4"}],"replies":[{"embeddable":true,"href":"https:\/\/cfinsaat.com\/index.php?rest_route=%2Fwp%2Fv2%2Fcomments&post=409"}],"version-history":[{"count":7,"href":"https:\/\/cfinsaat.com\/index.php?rest_route=\/wp\/v2\/pages\/409\/revisions"}],"predecessor-version":[{"id":532,"href":"https:\/\/cfinsaat.com\/index.php?rest_route=\/wp\/v2\/pages\/409\/revisions\/532"}],"wp:attachment":[{"href":"https:\/\/cfinsaat.com\/index.php?rest_route=%2Fwp%2Fv2%2Fmedia&parent=409"}],"curies":[{"name":"wp","href":"https:\/\/api.w.org\/{rel}","templated":true}]}}